 of (-6873)/(-5) + ((-180)/50 - -3)?
2, 3, 229
Suppose 3*z + 6 = 2*j - 4, 4*z = j - 15. Let x(s) = 83*s**2 - 4*s - 3. What are the prime factors of x(j)?
2, 3, 7
Let m = 6 + -14. Let a(x) = x**2 + 11*x + 15. Let j be a(m). What are the prime factors of j + 5 + (2 - -25)?
23
Let b = -437 - -539. List the prime factors of b.
2, 3, 17
Suppose 4*s + 8*j - 5945 = 3*j, -2*s + 3*j + 2989 = 0. List the prime factors of s.
2, 5, 149
Let n = 6524 - 3457. List the prime factors of n.
3067
Suppose 17*l - 15*l - 120 = 0. List the prime factors of (10864/l)/7 + 2/15.
2, 13
Let w(c) = 2*c**2 + 17*c - 149. What are the prime factors of w(24)?
17, 83
Let w = -53 + 16. Let y = w - -95. List the prime factors of y.
2, 29
Suppose 4*g - g = 3*f + 120, -2*f = 5*g - 193. Suppose -46 = -3*n + 5*v, 5*n - 8*n = -v - 50. Let y = g - n. What are the prime factors of y?
2, 11
Let t(x) = 15*x**3 - 2*x**2 + 1. Let n be 30/(-15) - (1 + -4). Suppose o + 0 = n. List the prime factors of t(o).
2, 7
Let j = -216 + 445. Suppose -j + 695 = 2*d. List the prime factors of d.
233
List the prime factors of 12/(-54) - 1118/(-9).
2, 31
Let j(g) = -12*g + 298. List the prime factors of j(-26).
2, 5, 61
Let z(o) = 2*o**2 + 19*o + 12. Let l be z(-9). What are the prime factors of 132 + 1/l + (-45)/(-27)?
2, 67
What are the prime factors of (6374*(8 - 7))/(-1 + 3)?
3187
Suppose 8 = y - 2*y. Let g be 3*2*68/y. List the prime factors of 3/12 + g/(-4).
13
Suppose 42 = u - 44. Let r = -52 + u. List the prime factors of r.
2, 17
Let y = 688 + -198. List the prime factors of y.
2, 5, 7
Suppose 9 + 0 = 3*b. Let j = b - 0. Suppose -5*f = 3*d - 186, 0 = -0*f + 2*f - j*d - 66. What are the prime factors of f?
2, 3
Suppose v + 14 = 16. Let c be (-5 + 7)/(v/(-21)). Let b = 80 + c. What are the prime factors of b?
59
Let m(u) = u**2 - u + 50. Let l(h) = -h + 19. Let o be l(6). List the prime factors of m(o).
2, 103
Let q be (-94)/14 + -1*4/14. What are the prime factors of (q - -5)/(-1*(-6)/(-159))?
53
Let q(k) = 639*k**3 + 4*k**2 + 5*k - 8. List the prime factors of q(1).
2, 5
What are the prime factors of (-33618)/(-42) - (-6)/(-14)?
2, 5
Suppose -c = 2*i + 4*c + 27, 5*c = -i - 11. Let m = -11 - i. Suppose -11 = -2*w + 3*x, -w + 65 = 4*w + m*x. What are the prime factors of w?
2, 5
Suppose -4*w - 5*w + 531 = 0. What are the prime factors of (-3 - -2) + w + 0?
2, 29
Suppose 0 = 5*q - q + 132. Let h = -22 - q. Suppose 41 = s + h. What are the prime factors of s?
2, 3, 5
Suppose 0 = a - 18*a + 34. What are the prime factors of (444/(-10))/(a*21/(-140))?
2, 37
Let z = -59 - -97. Let a = z - 23. What are the prime factors of a?
3, 5
Let k = -22 - -34. Suppose n = 5*n - k. Suppose -n*g + 51 = -54. What are the prime factors of g?
5, 7
Suppose -3*f = -3866 + 542. List the prime factors of f.
2, 277
Let y(t) = 4*t**3 - t**2 + t + 1. Let z be y(-1). Let q be z/(-5 + 0)*-3. List the prime factors of (-2 - -41) + q + 2.
2, 19
Let v be (6/4)/((-1)/(-2)). Suppose -11*i + v*i = -88. What are the prime factors of i?
11
Let b(r) = -7*r**3 + 4*r**2 + 11*r + 13. Let m(c) = -6*c**3 + 3*c**2 + 10*c + 12. Let z(n) = -5*b(n) + 6*m(n). List the prime factors of z(-5).
3, 19
Let p be 14*((-21)/(-6) + 3 + -1). Let r = -44 + p. What are the prime factors of r?
3, 11
Suppose -2*k - 4 + 64 = 2*u, 2*u = 8. Suppose h = -k - 6. Let o = -11 - h. List the prime factors of o.
3, 7
Let z(f) = -f**3 + 10*f**2 + 12*f - 14. Let s be z(8). Suppose -7*d + s = -d. List the prime factors of d.
5, 7
Let g(p) = 4*p**2 - 10*p + 2. Let u be -4*1 - (4 + -12). Let t be g(u). Suppose 4 = 2*k - 4*z - t, 4*z - 36 = -4*k. What are the prime factors of k?
11
Let m(c) = 7*c - 2*c**2 - 4 + 1 + c**2. Let a be m(6). Suppose 0 = -4*j + a + 5. What are the prime factors of j?
2
Let s(f) be the first derivative of -f**2/2 - 5*f - 2. Let u = -26 + 16. List the prime factors of s(u).
5
Suppose 3*z - 421 = -28. Suppose 2*n - 152 = -3*o + z, o - 105 = 2*n. Suppose 2*c - 3*i - o = -2*c, 4*i + 34 = c. What are the prime factors of c?
2, 11
What are the prime factors of ((-3)/6)/(2/(-36))?
3
Let r(j) = 23*j**2 + j + 2. Suppose x + 22 = -3*m + 8*m, 5*x - 2*m = -18. List the prime factors of r(x).
2, 23
Let m be 1*(-4 - -4)/(-3). Suppose -260 = -m*p - 4*p. What are the prime factors of p?
5, 13
Let m = -95 - -1403. What are the prime factors of m?
2, 3, 109
What are the prime factors of (-5 - (-6 - -2))*-919?
919
Suppose -3*y + 481 = -2*y - l, 4*y - 1960 = -5*l. List the prime factors of y.
5, 97
Let k = 192 - 336. Let r = 291 + k. What are the prime factors of r?
3, 7
Let l be (-9)/6*(-12)/9. Let w be (-13410)/25 - l/(-5). What are the prime factors of 2/(-13) - w/104?
5
Suppose -4*c = -5*c - 17. Let l = 19 + c. Suppose -l*d + 75 - 23 = 0. List the prime factors of d.
2, 13
Suppose 15 = 3*w + 3*r - 27, 3*w - 30 = r. Suppose t - 3*h + w = 0, -5*t = 5*h - 2*h - 35. What are the prime factors of t?
2
Suppose 4*v + 14 = 2*p, 0*p - 4*p + 23 = -3*v. Suppose g - p*i + 2*i - 82 = 0, g - 54 = -4*i. List the prime factors of g.
2, 5, 7
Suppose 0 = -5*w + 25 - 5. Suppose j + 14 = 4*v - 0*j, -25 = -5*v + 5*j. Suppose v*o = 2*o - 4, -w*h - 2*o + 184 = 0. List the prime factors of h.
2, 3
Let y(w) = -w + 9. Let c be y(-7). Suppose 2*r + 5*s - c = 76, -s + 164 = 3*r. List the prime factors of r.
2, 7
Suppose -9 = -5*c + 2*c. Suppose -3*x = 2*x - 700. Suppose -v - c*v = -x. List the prime factors of v.
5, 7
Let r = 4771 - 1891. What are the prime factors of r?
2, 3, 5
Suppose 2*r = 8 + 4. List the prime factors of (-27)/(-6)*40/r.
2, 3, 5
Let g = 202 - -138. What are the prime factors of g?
2, 5, 17
Suppose 3*j - j = -0*j. Suppose -4*n - 176 = -j*a - 2*a, 4*a - 3*n = 367. What are the prime factors of a?
2, 47
What are the prime factors of 802*1 - 24*13/78?
2, 3, 7, 19
Let o = -50 + 53. Suppose 0 = -c + 42 - o. What are the prime factors of c?
3, 13
Let z(q) = 34*q**2 - 3*q + 7. List the prime factors of z(-5).
2, 109
Suppose 151*a = -2*v + 155*a + 2112, 0 = -5*v - a + 5280. What are the prime factors of v?
2, 3, 11
Let j(a) be the second derivative of 0 + 1/6*a**4 + 1/3*a**3 + 2*a**2 - 4*a. List the prime factors of j(-3).
2
Let r(t) = 22*t**3 + 13*t**2 + 3. List the prime factors of r(3).
2, 3, 7, 17
Let x(k) be the third derivative of -5/12*k**4 + 0 - 3/2*k**3 + 6*k**2 + 0*k. List the prime factors of x(-4).
31
Let l = -14 + 15. List the prime factors of ((-32)/48)/(l/(-93)).
2, 31
Suppose 4*z - 3*g + 24 = 2*g, 3*g + 12 = 0. Let a(r) = -r**2 - 10*r + 16. Let s be a(z). Suppose -20 = s*v - 80. List the prime factors of v.
2, 3
Let o be (3 - 124)/(1/(-3)). Suppose -o - 75 = 4*x + 2*h, 0 = 2*x + 2*h + 214. Let r = x - -170. List the prime factors of r.
2, 29
Suppose 4*l - 5 = 19. Let i be 3/l - 47/(-2). Suppose -6*m + 3*m + i = 0. What are the prime factors of m?
2
Let q(j) = -4*j + 7. Let d = 12 + -10. Suppose -4*z - 10 = -d*z. What are the prime factors of q(z)?
3
Let g = 2238 - 1429. List the prime factors of g.
809
Let h(a) = -2*a - 8. Let z be h(-11). List the prime factors of z/(4/64*4).
2, 7
List the prime factors of 250/(-4)*(-180)/(12/6).
3, 5
Let l be 199/4 - (-5)/20. Suppose 2*g - 7*g - l = 0. List the prime factors of -26*5/(g/6).
2, 3, 13
Let x be 3 - 0 - (-2 - -1). Suppose -x*h + 0*h = -4. Suppose -j + 4*p + h = 3, -4*j + 52 = -4*p. List the prime factors of j.
2, 3
Suppose -4*a + 6 = -a. Suppose -4*t - 14 = -3*o - 0, 3*t - a = -4*o. List the prime factors of o/(-5)*(8 + -28).
2
Let p(m) = 5*m**2 - 13*m - 3. List the prime factors of p(12).
3, 11, 17
Let u be (-91*(-10)/4)/(1/4). Suppose 7*w = 12*w - u. What are the prime factors of w?
2, 7, 13
Let i = 7 - 2. Suppose -291 = -i*j - 3*b, 4*j + 6*b - 238 = b. What are the prime factors of j?
3, 19
Suppose -39 = 4*j + 5*i, i = -0*i - 3. Let l(q) = q - 3. Let d be l(j). What are the prime factors of 1 + (12 - d/3)?
2
Let u = 42 + -24. Suppose 4*f - 6 = f. List the prime factors of 76/f + u/(-6).
5, 7
What are the prime factors of ((-11)/33)/((-2)/1806)?
7, 43
Let v = -16 - -21. Suppose 4*h = -v*y - 5 + 9, h = -y. List the prime factors of (176/55)/(y/10).
2
Let g(b) = 2*b - b**2 + b - 4*b + 5 - 3*b. Let x be g(-4). Suppose 4*r = -j + 2*r + 4, 0 = 2*j + x*r - 5. List the prime factors of j.
2, 5
Suppose 0 = n + 105 - 227